{"id":5911,"date":"2022-08-25T15:15:42","date_gmt":"2022-08-25T15:15:42","guid":{"rendered":"https:\/\/esap.pt\/corpo_docente\/jose-luis-guimaraes\/"},"modified":"2023-03-29T11:39:27","modified_gmt":"2023-03-29T11:39:27","slug":"jose-luis-guimaraes","status":"publish","type":"corpo_docente","link":"https:\/\/esap.pt\/en\/corpo_docente\/jose-luis-guimaraes\/","title":{"rendered":"Jos\u00e9 Lu\u00eds Guimar\u00e3es"},"content":{"rendered":"","protected":false},"featured_media":3517,"template":"","categorias_corpo_docente":[177,37],"class_list":["post-5911","corpo_docente","type-corpo_docente","status-publish","has-post-thumbnail","hentry","categorias_corpo_docente-arquitetura-mestrado-integrado-en","categorias_corpo_docente-arquitetura-mestrado-integrado"],"acf":[],"_links":{"self":[{"href":"https:\/\/esap.pt\/en\/wp-json\/wp\/v2\/corpo_docente\/5911","targetHints":{"allow":["GET"]}}],"collection":[{"href":"https:\/\/esap.pt\/en\/wp-json\/wp\/v2\/corpo_docente"}],"about":[{"href":"https:\/\/esap.pt\/en\/wp-json\/wp\/v2\/types\/corpo_docente"}],"wp:featuredmedia":[{"embeddable":true,"href":"https:\/\/esap.pt\/en\/wp-json\/wp\/v2\/media\/3517"}],"wp:attachment":[{"href":"https:\/\/esap.pt\/en\/wp-json\/wp\/v2\/media?parent=5911"}],"wp:term":[{"taxonomy":"categorias_corpo_docente","embeddable":true,"href":"https:\/\/esap.pt\/en\/wp-json\/wp\/v2\/categorias_corpo_docente?post=5911"}],"curies":[{"name":"wp","href":"https:\/\/api.w.org\/{rel}","templated":true}]}}

José Luís Guimarães
