{"id":6028,"date":"2023-04-05T11:31:54","date_gmt":"2023-04-05T11:31:54","guid":{"rendered":"https:\/\/esap.pt\/atividades_dep\/seminario-curadoria-como-profanacao-por-david-reves\/"},"modified":"2023-04-11T11:33:39","modified_gmt":"2023-04-11T11:33:39","slug":"seminario-curadoria-como-profanacao-por-david-reves","status":"publish","type":"atividades_dep","link":"https:\/\/esap.pt\/en\/atividades_dep\/seminario-curadoria-como-profanacao-por-david-reves\/","title":{"rendered":"Seminar &#8220;A Curadoria como profana\u00e7\u00e3o&#8221; by David Rev\u00e9s"},"content":{"rendered":"","protected":false},"featured_media":6029,"template":"","categoria_dep":[194,193],"class_list":["post-6028","atividades_dep","type-atividades_dep","status-publish","has-post-thumbnail","hentry","categoria_dep-realizacao-cinema-e-televisao-en","categoria_dep-artes-visuais-praticas-artisticas-e-investigacao-en"],"acf":[],"_links":{"self":[{"href":"https:\/\/esap.pt\/en\/wp-json\/wp\/v2\/atividades_dep\/6028","targetHints":{"allow":["GET"]}}],"collection":[{"href":"https:\/\/esap.pt\/en\/wp-json\/wp\/v2\/atividades_dep"}],"about":[{"href":"https:\/\/esap.pt\/en\/wp-json\/wp\/v2\/types\/atividades_dep"}],"wp:featuredmedia":[{"embeddable":true,"href":"https:\/\/esap.pt\/en\/wp-json\/wp\/v2\/media\/6029"}],"wp:attachment":[{"href":"https:\/\/esap.pt\/en\/wp-json\/wp\/v2\/media?parent=6028"}],"wp:term":[{"taxonomy":"categoria_dep","embeddable":true,"href":"https:\/\/esap.pt\/en\/wp-json\/wp\/v2\/categoria_dep?post=6028"}],"curies":[{"name":"wp","href":"https:\/\/api.w.org\/{rel}","templated":true}]}}

Seminar &#8220;A Curadoria como profanação&#8221; by David Revés
