{"id":6012,"date":"2023-05-17T10:00:48","date_gmt":"2023-05-17T10:00:48","guid":{"rendered":"https:\/\/esap.pt\/atividades_dep\/comunidades-e-afeccoes-em-antonio-reis-e-margarida-cordeiro\/"},"modified":"2023-04-11T11:14:57","modified_gmt":"2023-04-11T11:14:57","slug":"comunidades-e-afeccoes-em-antonio-reis-e-margarida-cordeiro","status":"publish","type":"atividades_dep","link":"https:\/\/esap.pt\/en\/atividades_dep\/comunidades-e-afeccoes-em-antonio-reis-e-margarida-cordeiro\/","title":{"rendered":"Comunidades e afec\u00e7\u00f5es em Ant\u00f3nio Reis e Margarida Cordeiro"},"content":{"rendered":"","protected":false},"featured_media":6013,"template":"","categoria_dep":[194,193],"class_list":["post-6012","atividades_dep","type-atividades_dep","status-publish","has-post-thumbnail","hentry","categoria_dep-realizacao-cinema-e-televisao-en","categoria_dep-artes-visuais-praticas-artisticas-e-investigacao-en"],"acf":[],"_links":{"self":[{"href":"https:\/\/esap.pt\/en\/wp-json\/wp\/v2\/atividades_dep\/6012","targetHints":{"allow":["GET"]}}],"collection":[{"href":"https:\/\/esap.pt\/en\/wp-json\/wp\/v2\/atividades_dep"}],"about":[{"href":"https:\/\/esap.pt\/en\/wp-json\/wp\/v2\/types\/atividades_dep"}],"wp:featuredmedia":[{"embeddable":true,"href":"https:\/\/esap.pt\/en\/wp-json\/wp\/v2\/media\/6013"}],"wp:attachment":[{"href":"https:\/\/esap.pt\/en\/wp-json\/wp\/v2\/media?parent=6012"}],"wp:term":[{"taxonomy":"categoria_dep","embeddable":true,"href":"https:\/\/esap.pt\/en\/wp-json\/wp\/v2\/categoria_dep?post=6012"}],"curies":[{"name":"wp","href":"https:\/\/api.w.org\/{rel}","templated":true}]}}

Comunidades e afecções em António Reis e Margarida Cordeiro
