{"id":5083,"date":"2021-11-10T09:20:34","date_gmt":"2021-11-10T09:20:34","guid":{"rendered":"https:\/\/esap.pt\/atividades_dep\/visita-de-estudo-a-quinta-da-conceicao-em-leca-da-palmeira\/"},"modified":"2023-03-10T11:42:42","modified_gmt":"2023-03-10T11:42:42","slug":"visita-de-estudo-a-quinta-da-conceicao-em-leca-da-palmeira","status":"publish","type":"atividades_dep","link":"https:\/\/esap.pt\/en\/atividades_dep\/visita-de-estudo-a-quinta-da-conceicao-em-leca-da-palmeira\/","title":{"rendered":"Study visit to Quinta da Concei\u00e7\u00e3o, Le\u00e7a da Palmeira"},"content":{"rendered":"","protected":false},"featured_media":5082,"template":"","categoria_dep":[192,186],"class_list":["post-5083","atividades_dep","type-atividades_dep","status-publish","has-post-thumbnail","hentry","categoria_dep-arquitectura-mestrado-integrado-en","categoria_dep-arquitetura-dep-en"],"acf":[],"_links":{"self":[{"href":"https:\/\/esap.pt\/en\/wp-json\/wp\/v2\/atividades_dep\/5083","targetHints":{"allow":["GET"]}}],"collection":[{"href":"https:\/\/esap.pt\/en\/wp-json\/wp\/v2\/atividades_dep"}],"about":[{"href":"https:\/\/esap.pt\/en\/wp-json\/wp\/v2\/types\/atividades_dep"}],"wp:featuredmedia":[{"embeddable":true,"href":"https:\/\/esap.pt\/en\/wp-json\/wp\/v2\/media\/5082"}],"wp:attachment":[{"href":"https:\/\/esap.pt\/en\/wp-json\/wp\/v2\/media?parent=5083"}],"wp:term":[{"taxonomy":"categoria_dep","embeddable":true,"href":"https:\/\/esap.pt\/en\/wp-json\/wp\/v2\/categoria_dep?post=5083"}],"curies":[{"name":"wp","href":"https:\/\/api.w.org\/{rel}","templated":true}]}}

Study visit to Quinta da Conceição, Leça da Palmeira
